 remainder when 2674471126 is divided by 56.
54
What is the remainder when 511045 is divided by 169523?
2476
Calculate the remainder when 37079 is divided by 9264.
23
What is the remainder when 725021 is divided by 559?
557
Calculate the remainder when 12858432 is divided by 986.
6
Calculate the remainder when 134348923 is divided by 67174450.
23
What is the remainder when 83775996 is divided by 41?
40
Calculate the remainder when 444541 is divided by 488.
461
Calculate the remainder when 10824313 is divided by 5412137.
39
Calculate the remainder when 77943627 is divided by 962267.
0
What is the remainder when 100248 is divided by 571?
323
Calculate the remainder when 37151572 is divided by 565.
562
What is the remainder when 682999 is divided by 75880?
79
What is the remainder when 13386520 is divided by 87?
4
Calculate the remainder when 3820397 is divided by 2615.
2497
What is the remainder when 9825 is divided by 8196?
1629
Calculate the remainder when 49210064 is divided by 61.
22
What is the remainder when 2095902 is divided by 419179?
7
Calculate the remainder when 2040244 is divided by 78.
76
Calculate the remainder when 880770 is divided by 146780.
90
Calculate the remainder when 3514152 is divided by 218.
210
Calculate the remainder when 1198393 is divided by 1183.
14
Calculate the remainder when 402002 is divided by 249.
116
What is the remainder when 36782166 is divided by 2043?
2037
Calculate the remainder when 697931 is divided by 6706.
507
Calculate the remainder when 2913219 is divided by 72814.
659
Calculate the remainder when 780683 is divided by 127.
14
Calculate the remainder when 488559 is divided by 958.
937
What is the remainder when 4606675 is divided by 2713?
1
What is the remainder when 22969 is divided by 525?
394
Calculate the remainder when 873845 is divided by 217961.
2001
What is the remainder when 3307949 is divided by 2302?
2277
Calculate the remainder when 728708 is divided by 364292.
124
Calculate the remainder when 160385574 is divided by 4829.
4826
What is the remainder when 9046496 is divided by 2001?
1976
What is the remainder when 5276465 is divided by 7288?
7241
Calculate the remainder when 59301 is divided by 2320.
1301
What is the remainder when 336107 is divided by 167?
103
What is the remainder when 2671336 is divided by 415?
396
What is the remainder when 133049 is divided by 6451?
4029
What is the remainder when 46945534 is divided by 308852?
30
Calculate the remainder when 21255344 is divided by 268.
264
Calculate the remainder when 7071 is divided by 3474.
123
What is the remainder when 804980 is divided by 201132?
452
What is the remainder when 31329357 is divided by 2942?
2941
What is the remainder when 175846509 is divided by 6646?
6641
Calculate the remainder when 93832 is divided by 31110.
502
What is the remainder when 26300358 is divided by 158?
152
What is the remainder when 110071828 is divided by 43?
41
What is the remainder when 85936 is divided by 28528?
352
What is the remainder when 14427925 is divided by 58?
19
Calculate the remainder when 90859595 is divided by 101.
96
What is the remainder when 230094 is divided by 2302?
2196
What is the remainder when 120132 is divided by 29926?
428
Calculate the remainder when 832190 is divided by 76.
66
Calculate the remainder when 1593108 is divided by 1593092.
16
What is the remainder when 2597451 is divided by 18?
15
Calculate the remainder when 15108053 is divided by 2260.
2213
Calculate the remainder when 10256662 is divided by 366308.
38
What is the remainder when 108295 is divided by 53828?
639
What is the remainder when 32687240 is divided by 442?
14
What is the remainder when 82254 is divided by 27192?
678
Calculate the remainder when 7515 is divided by 6444.
1071
What is the remainder when 177397965 is divided by 1076?
1073
Calculate the remainder when 518335 is divided by 760.
15
What is the remainder when 243871 is divided by 215?
61
Calculate the remainder when 117041915 is divided by 336.
11
Calculate the remainder when 39045928 is divided by 2310.
2308
Calculate the remainder when 800025 is divided by 266670.
15
What is the remainder when 101431 is divided by 6943?
4229
What is the remainder when 19642885 is divided by 9149?
9131
Calculate the remainder when 3560730 is divided by 1780357.
16
What is the remainder when 6233830 is divided by 14565?
10
What is the remainder when 287465 is divided by 6843?
59
What is the remainder when 46649862 is divided by 512?
6
What is the remainder when 11510244 is divided by 1545?
1539
What is the remainder when 21490 is divided by 10518?
454
What is the remainder when 169854 is divided by 75?
54
What is the remainder when 1854310 is divided by 168570?
40
Calculate the remainder when 111085917 is divided by 360.
357
What is the remainder when 74145 is divided by 6263?
5252
What is the remainder when 12371 is divided by 5261?
1849
What is the remainder when 931002 is divided by 631?
277
What is the remainder when 75432 is divided by 366?
36
Calculate the remainder when 91609039 is divided by 3808.
3791
Calculate the remainder when 1116446 is divided by 9542.
32
Calculate the remainder when 282594 is divided by 1811.
78
What is the remainder when 18928 is divided by 9230?
468
Calculate the remainder when 51167 is divided by 9846.
1937
What is the remainder when 137909 is divided by 68937?
35
Calculate the remainder when 34195531 is divided by 1119.
10
What is the remainder when 93363353 is divided by 87?
86
What is the remainder when 390534749 is divided by 7386?
7385
What is the remainder when 216162 is divided by 19647?
45
Calculate the remainder when 39606387 is divided by 60.
27
Calculate the remainder when 5623781 is divided by 4602.
137
What is the remainder when 13576995 is divided by 2715397?
10
Calculate the remainder when 24969086 is divided by 4682.
4662
What is the remainder when 5379812 is divided by 5379796?
16
Calculate the remainder when 370262 is divided by 897.
698
Calculate the remainder when 1057375 is divided by 57.
25
What is the remainder when 47034 is divided by 326?
90
What is the remainder when 952244 is divided by 581?
566
Calculate the remainder when 143368 is divided by 10218.
316
Calculate the remainder when 291084749 is divided by 48514122.
17
What is the remainder when 5952716 is divided by 48395?
131
What is the remainder when 30600559 is divided by 41?
4
What is the remainder when 546618 is divided by 276?
138
Calculate the remainder when 1175368558 is divided by 6.
4
What is the remainder when 5693936 is divided by 1546?
18
Calculate the remainder when 1136783 is divided by 605.
593
What is the remainder when 18593637 is divided by 2039?
2035
Calculate the remainder when 285499 is divided by 60.
19
What is the remainder when 825348 is divided by 29450?
748
What is the remainder when 191665 is divided by 721?
600
Calculate the remainder when 1296191 is divided by 471.
470
Calculate the remainder when 58381837 is divided by 1528.
13
What is the remainder when 1259183 is divided by 5907?
992
What is the remainder when 106581823 is divided by 2163?
2161
What is the remainder when 96535 is divided by 8814?
8395
Calculate the remainder when 659215 is divided by 219725.
40
Calculate the remainder when 10788124 is divided by 421.
420
What is the remainder when 211408 is divided by 5526?
1420
What is the remainder when 127905 is divided by 913?
85
Calculate the remainder when 914233797 is divided by 30.
27
Calculate the remainder when 135507 is divided by 104.
99
What is the remainder when 478200 is divided by 9758?
58
What is the remainder when 17323 is divided by 4960?
2443
Calculate the remainder when 419418 is divided by 130.
38
Calculate the remainder when 30402 is divided by 97.
41
Calculate the remainder when 9950710 is divided by 136.
134
Calculate the remainder when 296109 is divided by 49285.
399
Calculate the remainder when 11679 is divided by 3918.
3843
Calculate the remainder when 5459874 is divided by 328.
314
Calculate the remainder when 70738412 is divided by 5867.
5860
Calculate the remainder when 13764518 is divided by 458817.
8
What is the remainder when 4447275 is divided by 318?
45
What is the remainder when 928905 is divided by 1216?
1097
Cal